t v(p) = p**3 - 11*p**2 + 10*p - 2. Let w be v(o). Calculate r(w).
3
Let k = 42 + -50. Let a(y) = -y - 17. Calculate a(k).
-9
Suppose -4*r + 3*f + 33 = 0, -4*f - 1 = 3*r - 32. Let k(s) = -r - 2*s + 4*s + 3. Give k(4).
2
Let i(o) be the third derivative of 1/120*o**6 - 1/6*o**3 + 0 + 3*o**2 + 1/8*o**4 - 1/15*o**5 + 0*o. What is i(3)?
-1
Let s(j) be the first derivative of 3*j**2/2 + 7*j + 6. Let a(c) = 8*c + 20. Let r(l) = 4*a(l) - 11*s(l). What is r(6)?
-3
Let s(r) = r + 6*r**2 - 2*r**2 - 5*r**2 - 11 + 1. Determine s(0).
-10
Suppose 6*f - 9*f = -9. Suppose 4*j = -5*k + f*k + 18, 5*j - 20 = -2*k. Let r(i) = -i**3 + 5*i**2 - 3*i + 5. Give r(k).
-10
Let s(j) be the third derivative of -j**4/8 - 25*j**3/6 - j**2. Let m(o) = o + 8. Let f(a) = 11*m(a) + 4*s(a). What is f(-5)?
-7
Let l(u) be the second derivative of -u**5/20 - 5*u**4/12 - 2*u**3/3 - 5*u**2/2 - 9*u. What is l(-4)?
-5
Let c = 32 + -28. Let y(t) = -t**3 + 5*t**2 - 2*t + 5. What is y(c)?
13
Suppose -s + 5 - 1 = 0. Let m(n) = -n**2 + 6*n - 2. Calculate m(s).
6
Let q(w) = -2*w + 1. Let h(x) = 1. Let k(c) = 2*h(c) + q(c). Calculate k(4).
-5
Let v(z) = -z**3 + z + 10. Let a = 22 + -22. Give v(a).
10
Let m(r) = r + 6. Let k be m(9). Let x(f) = -16*f**2 - 3 - 4*f + 0*f + k*f**2. What is x(-3)?
0
Let t(o) be the first derivative of -o**2/2 + 11*o - 16. Give t(6).
5
Let j(c) = -2*c + 2. Let r = 10 - 12. What is j(r)?
6
Let t(p) = 4*p**3 - 7*p. Let w(o) = 5*o**3 - 8*o. Let s(y) = 7*t(y) - 6*w(y). Let j be (2/(-4))/(2/(-4)). Calculate s(j).
-3
Suppose -2*h = -4*n + h - 3, -h + 17 = 4*n. Let v(o) be the first derivative of o**3/3 + o**2/2 - 3*o + 8. What is v(n)?
9
Let p(c) = -c**2 - 9*c - 10. Let s = 53 + -61. Give p(s).
-2
Suppose -z - 2*y = 3*y - 2, -y = -z - 4. Let c be 1/z*0 + 22. Let w be 2/(-9) - c/(-18). Let h(k) = -11*k**2 + k. Calculate h(w).
-10
Let j = 7 - 3. Let b(t) = t**2 - 4*t - 5. Give b(j).
-5
Let n(o) be the second derivative of -o**4/12 + o**3 - 3*o**2 + o. Let y = -54 - -60. What is n(y)?
-6
Let n(b) = b**2 - 5*b + 5. Let z(l) be the first derivative of -l**3/3 + 2*l**2 - 6*l + 11. Let w(j) = -3*n(j) - 2*z(j). Give w(5).
7
Let v(i) = i**3 - 10*i**2 + 9*i + 3. Let q be v(9). Let f(x) = -q - 3*x**2 - 2*x + 4*x**2 + 2*x**2 - 2*x**2. Calculate f(4).
5
Let l(c) = c + 6. Suppose 2*i - 4*y - 28 = 4*i, 0 = 3*i + 4*y + 32. Let u be (-1)/2 + 18/i. What is l(u)?
1
Let r(k) be the first derivative of -k**3/3 - 3*k**2 + 9*k - 1. What is r(-7)?
2
Let x(s) = 3*s - 2*s - 2 + s**2 - 2*s. Let q be (-9)/(-15)*10/2. Suppose d - 10 = -3*z, -2 = -q*z - 0*d + d. Give x(z).
0
Suppose -r + 3 = 6. Let z(f) = -5*f - 2. Let k(b) = -2*b - 1. Let i(h) = 8*k(h) - 3*z(h). Calculate i(r).
1
Let h(l) be the first derivative of 3*l**2 - 1/4*l**4 - 3 - 3*l - 5/3*l**3. What is h(-6)?
-3
Let x = 6 + -4. Let f = -14 - -21. Let c(l) = l - f*l**x - l. Determine c(1).
-7
Let k(s) = -3*s + 13. Let b(c) = -2*c + 9. Let a(f) = 7*b(f) - 5*k(f). What is a(3)?
1
Let t(l) be the second derivative of l**5/20 + 5*l**4/12 - 7*l**3/6 - 7*l**2/2 + 14*l. Give t(-6).
-1
Let u(c) = -3 + 5 + 3*c**2 + c**2 - 1. Determine u(-1).
5
Let u(v) = v + 5. Let z be u(0). Let c = z - 1. Suppose -2*p = -c - 2. Let w(r) = r - 5. Determine w(p).
-2
Let j(g) be the first derivative of g**4/4 + 7*g**3/3 - 2*g - 37. Determine j(-7).
-2
Let i = 6 - 4. Let b(m) = i*m + 2*m**2 - 4*m**2 + 1 + 3*m**2. Let r be (-2)/7 - 24/14. Calculate b(r).
1
Let s(l) = l + 4. Let h be (1 - (4 - -2)) + 3 + -1. What is s(h)?
1
Let y(k) be the first derivative of 3*k**2/2 - 3*k - 1. Give y(5).
12
Let z(q) be the third derivative of -q**5/60 - 7*q**4/24 - 5*q**3/6 - 6*q**2. Calculate z(-4).
7
Let r(l) = 4*l**2 + 3*l - 3. Let n(v) = -5*v**2 - 2*v + 2. Let w(z) = -5*n(z) - 6*r(z). Calculate w(6).
-4
Let o(w) = 2*w - 6. Let t be o(6). Let c(l) = 1 - 3 + 6*l + 1 + 5 + t*l**2 + l**3. What is c(-5)?
-1
Suppose 24 = -6*d + 18. Let t(p) = -80*p - 55. Let q(m) = -3*m - 2. Let w(l) = 55*q(l) - 2*t(l). Give w(d).
5
Let m(s) = -s - 6. Suppose -10 - 12 = t + 4*x, -2*t = -2*x + 4. Determine m(t).
0
Let b(j) be the second derivative of j**4/12 - j**3 + 3*j**2/2 - 2*j. Determine b(5).
-2
Let h(y) = y - 3. Let i(b) = 2*b - 4. Let w(k) = 3*h(k) - 2*i(k). Let o be ((-4)/5)/(2/10). Give w(o).
3
Let j(p) = 11*p**3 - 23*p**2 - 6*p + 17. Let g(n) = 5*n**3 - 11*n**2 - 3*n + 8. Let f(u) = -13*g(u) + 6*j(u). Determine f(-4).
2
Let l(z) = 3*z**2. Let n = -6 - -6. Suppose 4*q = -2*p - 6, -2*q + 5*q - p + 2 = n. What is l(q)?
3
Let m(w) = -w**3 + w**2. Let k(d) = -4*d**3 + 8*d**2 - 5*d - 6. Let q be (-33)/7 - (-2)/(-7). Let u(v) = q*m(v) + k(v). Calculate u(-4).
-2
Suppose -5*q + q + 12 = 0. Let y(o) = -o**2 - 4*o + 0*o - 1 - q. Let l be ((-2)/(-4))/((-2)/16). Give y(l).
-4
Let n be (1 - -3) + 6 + -10. Let w(o) be the third derivative of -1/12*o**4 + n + 0*o + 1/3*o**3 + o**2. Give w(-2).
6
Let m(o) = o**2 + 6*o + 3. Let g be m(-6). Let p(u) = -4*u**2 + 0*u**2 - 1 + 4*u + g*u**2. Determine p(5).
-6
Let y be 2/(2/(2/(-1))). Let j = -1 + y. Let w(z) = z + 0*z + 59 - 61 + 0*z. Determine w(j).
-5
Suppose 4*i + o - 4 = 8, o - 6 = -i. Suppose -2 = -2*p + i. Let f = 1 - p. Let y(r) = 9*r**2. What is y(f)?
9
Suppose -4*b = -4*x - 28, b + x - 5 = -4*b. Let n(a) = b*a**2 - 28 + 20 + 8*a - 3*a**2. Give n(7).
-1
Let k(o) = -o**3 - 5*o**2 - 3*o + 3. Let q(u) = u + 4. Let s(w) = -w**3 + w + 3. Let h(t) = 3*q(t) - 4*s(t). Let p be h(-1). Give k(p).
-6
Let f(u) = u**3 - 2*u**2 - 5*u - 3. Suppose k = -2*k - 24. Let a be (-3)/(2/k*3). Determine f(a).
9
Let b(y) = -10*y - 1. Let q(t) = 25*t + 2. Let f(p) = 26*p + 2. Let k(z) = 5*f(z) - 6*q(z). Let i(x) = -7*b(x) + 4*k(x). Give i(-1).
9
Let n(t) = 2*t**2 + 1. Let j be n(-1). Suppose 0 = j*d - 2*d. Let r = 0 - d. Let f(c) = c**3 + c - 2. What is f(r)?
-2
Let r(p) be the first derivative of -p**4/4 - p**3 - 2*p - 3. Let z(q) = q**3 + 5*q**2 - 7*q - 4. Let k be z(-6). Suppose -3 = -k*n - 9. Give r(n).
-2
Let r(b) = -4*b + 3. Suppose 5*y + 8 - 68 = 0. Suppose -4*u - y = -6*s + 2*s, -7 = -s - 3*u. Suppose -4*p = -0*p - s*i - 32, -5*i - 19 = 2*p. Determine r(p).
-9
Let k(s) be the first derivative of s**4/4 - 8*s**3/3 - s**2/2 + 5*s - 2. Calculate k(8).
-3
Suppose -3*c + 1 = h, -6*c + c + 4 = 4*h. Let d(x) be the first derivative of 2 + 2/3*x**3 - 2*x + c*x**2. What is d(-2)?
6
Let n(u) = 4*u. Let m = 0 + 1. Let c be n(m). Suppose c*b + 8 + 12 = 0. Let w(o) = -o**3 - 4*o**2 + 7*o + 7. What is w(b)?
-3
Let f(q) = -q + 5. Let j(y) = -y + 6. Let w(i) = -6*f(i) + 5*j(i). Let a(r) = r + 2. Let s be a(2). Let h = s - 4. Give w(h).
0
Let b(p) = p - 2. Let u(h) = h - 1. Let s(x) = -4*b(x) + 5*u(x). Let y(q) = q + 4. Let i(r) = -3*s(r) + 4*y(r). Suppose 2*c - 5 + 15 = 0. What is i(c)?
2
Let v(u) = u**3 - 2*u**2 - 4*u. Let p(w) = w**2 - 6. Let b be p(-3). Calculate v(b).
-3
Let t = -1 - -1. Let o be t + -2 + 0 + 6. Suppose 0*y - 20 = -o*y. Let p(b) = b - 1. Give p(y).
4
Let r(k) = 5*k - 1. Suppose s + 3 = 2. Let p = 0 + s. Let y be (2/(-6))/(p/(-3)). Determine r(y).
-6
Suppose -18 = -4*u - 2*c, -u - 6*c = -3*c - 7. Let y(f) = f**2 + 4*f - 8. Let o(n) = -3*n**2 - 11*n + 23. Let g(v) = u*o(v) + 11*y(v). Give g(-3).
-5
Let v(w) = -w**2 + 4*w + 5. Suppose -4 = 2*f - 3*f. Suppose 0 = -9*r + f*r. Suppose -5*a + 20 = -r*a. Calculate v(a).
5
Let n(w) = w**3 - 6*w**2 + 2*w - 6. Suppose -5*f = 4*z - 34, -5*z + 14 + 26 = 5*f. What is n(z)?
6
Let h(t) = -3*t - 1. Suppose 10 + 6 = -q - 4*n, -2*q + 4*n + 28 = 0. Suppose 12 = q*l - 4*d, -4*d + 0*d = 4. Calculate h(l).
-7
Let z(k) = -k**3 + k**2 - k + 1. Suppose -i + 7 = a, -4 = -2*a + i + 4. Suppose -6*m = -m - a. Determine z(m).
0
Suppose 0*l + l = 2. Suppose 4*m + 10 = -4*q + 2, 2*m = -q - l. Let y(h) = -h - 2. Calculate y(q).
0
Let n(h) be the second derivative of -h**5/20 - 5*h**4/12 - h**3/2 - 7*h. What is n(-4)?
-4
Suppose 3*u + 2*p = 3*p - 11, -8 = -4*p. Let z(r) be the third derivative of r**4/24 + r**3/6 + r**2. Let a(s) = -1. Let b(i) = 5*a(i) - z(i). Determine b(u).
-3
Let p(d) = -12*d**2 + 20*d**2 - 3 + 2 - 13*d**2. What is p(-1)?
-6
Let t = 16 + -35. Let p = -16 - t. Let y(r) = 1. Let z(m) = m**3 - 3*m**2 - 2*m + 9. Let n(x) = 6*y(x) - z(x). Determine n(p).
3
Let a(p) be the third derivative of -3*p**5/20 + p**4/12 + p**3/6 + 15*p**2. 